- 4))?
-5
0 + (1 - -1) + (3 - -1)
6
Evaluate -3 + 17 - (4 + -1 + 4).
7
Evaluate (0 - -2) + (3 - 5 - -4).
4
What is the value of 1 - (5 + -7 + 6 + -3)?
0
Calculate -7 + 3 - -7 - 4.
-1
What is the value of -10 - -4 - -5 - -7?
6
What is the value of -18 + 25 + (-3 - -1 - 1)?
4
Calculate 9 + 0 + (-11 - -5).
3
(35 - 17 - (-1 - -9)) + -3
7
Calculate -2 - ((0 - 3) + 2).
-1
Calculate 12 + -3 + -11 + 6.
4
What is the value of 11 + (0 - 7) - 1?
3
Calculate (-1 - (-3 + -3) - 9) + 5.
1
Evaluate 8 + -1 - (1 - (2 + 0)).
8
Evaluate 3 + -10 + 0 - -4.
-3
Calculate -10 - (-7 - -10) - -12.
-1
-6 - ((3 - 5) + 0 - -5)
-9
Calculate 5 - (-1 + (-4 - (0 - 4))).
6
(-12 - -5) + 2 - (-4 + -4)
3
Calculate -1 + -7 + (9 - (-22 - -15)).
8
Calculate (11 - 7 - 7) + -1 + 6.
2
What is the value of 0 + (9 - (-2 - -3))?
8
Calculate -13 + 7 + (-7 - -17).
4
11 + (-4 - (-7 + (-4 - -15)))
3
What is 3 - 0 - (13 - (22 - 10))?
2
Calculate -1 - -6 - (10 - 0).
-5
What is the value of 4 - (-12 + 6 - -8)?
2
What is -7 - (-1 - (1 + 3))?
-2
Calculate -66 - -69 - (4 + 0).
-1
What is the value of 3 + -3 + 1 + 0?
1
What is -1 + -1 + -4 - -5?
-1
What is the value of (0 - -5 - -3) + -1?
7
What is the value of 0 + 0 + 5 + -9?
-4
Calculate -1 - (-3 - 5) - 13 - -17.
11
Evaluate -2 + (-2 - (-2 + -2)).
0
5 + -1 + (-10 - -6)
0
What is the value of 9 + -1 + (-19 - -7 - -9)?
5
-2 + 1 + -5 + 5 - -8
7
Evaluate -3 - (-1 - (-2 - -9)).
5
0 - (2 - 4 - 3)
5
What is -2 - 4 - (22 - 25)?
-3
17 + 0 + (91 - 102)
6
Calculate (5 + -7 - -1) + 2.
1
Evaluate (5 - -2 - 4) + -1.
2
Calculate -1 + (-8 - (-12 + 4)).
-1
What is the value of -1 - 13 - 7 - -14?
-7
Calculate 0 + (10 - 7 - -3) + -6.
0
Calculate 0 + 5 + -4 - (-7 + 2).
6
What is (-1 - 0) + 4 - -4 - 4?
3
Evaluate (5 - -1) + -2 - (12 + -3).
-5
What is -4 - ((3 - -1) + (3 - 7))?
-4
Calculate (-12 - (-35 - -13)) + -12.
-2
Evaluate 2 + -1 + -2 + 2 + 6.
7
What is 9 - (-8 - (2 - 17))?
2
Calculate 55 + -51 + (1 - 2) - -4.
7
What is the value of -2 + (2 - (-10 + 6))?
4
What is the value of 5 + -3 + (5 - 3)?
4
Evaluate (-9 - (9 - 20)) + (1 - 0).
3
What is 3 + -2 + -15 + 17?
3
Calculate -4 + 7 + -8 + -1 - -6.
0
What is the value of -2 - (-2 + 1 - 4)?
3
Evaluate -3 - (6 + -14) - (3 + 1).
1
2 + -14 + (8 - 2)
-6
Evaluate 10 + -12 - (5 - (6 + -6)).
-7
6 + (3 - 5) + -7
-3
Evaluate (11 + -5 - -7) + -7.
6
(-1 - -2) + 1 + 0 + -2
0
Evaluate 9 + -9 - (2 - 0).
-2
Evaluate 0 - -1 - (2 - (6 + 0)).
5
What is the value of -6 + (-4 - (-11 + 1) - 2)?
-2
Calculate 2 + -1 - (0 + 2 + -3).
2
Calculate 0 + 5 + -6 + 6.
5
What is the value of 4 + 6 + -10 - (0 - -5)?
-5
What is -4 - ((-4 - -1) + -4)?
3
10 - (-7 + (4 - -7)) - 7
-1
Calculate (-3 - -1) + -2 + (12 - 10).
-2
Calculate 3 + -7 + 9 + -5 - 5.
-5
Evaluate -2 - -2 - (-4 + 0 + 2).
2
What is the value of -8 + -2 + 7 + -4?
-7
What is the value of -8 - (0 - 2) - -8?
2
What is -5 - (-1 - 1) - (-2 - 2)?
1
Calculate -8 + 22 + -11 - -6.
9
Evaluate 0 - (-2 + -1 + -1).
4
Evaluate -3 + 6 + 1 + (0 - -1).
5
What is 2 + -8 + 6 + -3?
-3
What is 5 + (2 - (-6 + 11))?
2
Calculate 1 - 1 - (-13 + 8 - -7).
-2
What is -5 - ((-2 - 4) + 1)?
0
-13 - (-9 + -6 + 14 + -4)
-8
(1 - 5) + -5 + 7
-2
What is 3 + -4 + -4 + 3?
-2
8 + (-6 + 2 - -3) + -7
0
What is the value of -11 + 16 + 0 + 0?
5
(5 + -6 - -5) + (-3 - -2)
3
What is the value of -4 - (8 + -19 + 4)?
3
What is 3 - ((2 - 6) + 5)?
2
Calculate (0 - 3) + (1 - -3) + 3.
4
Calculate 2 + 4 + -1 - (3 + -1).
3
What is the value of -1 + 0 + 6 - 3?
2
What is the value of (1 - -1 - (-5 + 11)) + 1?
-3
What is 6 - 6 - ((-3 - 0) + 8)?
-5
Calculate (0 - -1) + -4 - (-1 + -6).
4
What is 8 + -1 + -7 + 2?
2
What is the value of (-3 - (0 + 0)) + (2 - -3)?
2
What is 93 + -84 + (-1 - 10)?
-2
What is the value of (30 - 21) + (2 - 7)?
4
Evaluate -5 + -3 + 9 + -2.
-1
(-5 - (1 - 5)) + (-1 - -6)
4
Calculate -4 + (3 + 1 + 4 - 1).
3
Evaluate -9 + 16 + -15 - -5.
-3
What is 0 + (10 - 18 - -4)?
-4
Evaluate -2 - (2 + -4) - -1.
1
Calculate (8 - 1 - 8) + -2 + -2.
-5
What is the value of -9 + -1 - (-4 + -8)?
2
Evaluate 2 + -3 - (-2 - -2).
-1
What is 3 - (-4 - (-6 - -1))?
2
What is 14 + -25 - (-10 + 1)?
-2
What is the value of -11 + -5 + 21 - (0 - 0)?
5
What is the value of 0 - (5 + -12) - 13?
-6
What is the value of (2 + -7 - -4) + -3?
-4
Evaluate 0 + -4 + 4 + -1.
-1
What is the value of (7 - 7) + 16 + -9?
7
What is the value of 2 + -1 + 0 + -2 + -5?
-6
Calculate -3 + -5 + 0 + 1 + 6.
-1
Calculate 8 - (4 + (-2 - -2)).
4
What is -12 + 4 + 1 + 5?
-2
Calculate 2 + 3 + -6 - -5.
4
(6 - (10 + -4)) + -6 - -2
-4
Evaluate 3 + -6 + -42 + 42.
-3
What is -3 + 0 + (5 - (1 - -1))?
0
0 - (-3 - -4 - 0) - -1
0
What is the value of -9 + 3 + -11 + 22?
5
Evaluate 17 + 4 + 0 + -2 + -8.
11
What is -5 + (-5 - -9) + 4 + 0?
3
Evaluate 7 - (1 + 16 + (-6 - 0)).
-4
8 + -5 + 10 + -21
-8
What is the value of -8 + (1 - -3) - (-8 + 11)?
-7
Evaluate 3 + (0 - 8 - (-2 - -2)).
-5
Calculate -19 + 15 + 1 + 3.
0
Evaluate 2 - 1 - (-10 - -11) - 4.
-4
What is the value of 0 + -10 + 22 - (1 + 3)?
8
What is (-4 - (1 - 4)) + (9 - 3)?
5
Calculate 22 + -27 - (0 - -2).
-7
What is (-7 - -5 - 1) + 5?
2
What is -4 + 8 - -1 - (-2 + 1)?
6
Calculate 6 + -1 - (0 + 8 + -4).
1
What is the value of (2 - -4) + (0 - -2)?
8
What is the value of -3 + 0 + 1 + -8 - -6?
-4
What is -1 + -7 + 94 + -77?
9
What is -5 + (3 - (1 + 7) - -10)?
0
Calculate (5 - (3 + 0)) + -6.
-4
Calculate (-10 - -6) + 0 + 6.
2
Evaluate (-36 - -36) + (2 - -1).
3
What is the value of -3 + -3 - (0 + (-3 - -6))?
-9
-2 + (-1 - (-1 - 4)) - 3
-1
8 - (3 - (-3 - (-3 + 0)))
5
-2 + 2 - (-2 - 1) - -1
4
What is the value of 4 + -4 + 3 + -3?
0
Evaluate (1 - (1 + 2)) + -31 + 28.
-5
Evaluate (6 - 7 - (5 - 3)) + 1.
-2
Calculate -13 - -11 - 6 - -2.
-6
What is (6 + 2 - 0 - 4) + 1?
5
(-7 - (4 + -8)) + -1
-4
What is the value of (-1 - 5) + 0 - -5?
-1
-3 - (-8 - -3) - (-6 - -4)
4
What is -6 + 7 + -8 - (1 + -7)?
-1
16 - 8 - 8 - 3
-3
What is the value of 8 + (0 + 2 - (0 + 4))?
6
What is -17 + 25 + (-6 - (5 - 4))?
1
What is -1 - (3 - 4) - (-6 - -10)?
-4
What is the value of (-1 - -2) + (4 - 2) + -8?
-5
What is the value of 12 + (4 - 16 - -5)?
5
Calculate -2 - ((-4 - 2) + (10 - 7)).
1
Evaluate -7 - (-6 + -4 + 7).
-4
What is -9 - -14 - (0 + 3)?
2
-2 + (3 - (3 + 2)) + 2
-2
Calculate -6 - (-6 - -2) - (0 + -1).
-1
Calculate 1 + 1 - (-3 + 5) - -2.
2
What is the value of (-1 - 1) + (-6 - -10) + -1?
1
What is 5 - (5 - (-2 - (4 - 7)))?
1
Evaluate -18 + 17 + 0 + -4.
-5
(7 - -4) + (3 - 9)
5
What is 0 + -2 - (83 + -90)?
5
What is -5 + 4 - (5 - 1)?
-5
Calculate -11 - (-21 + 10 + (6 - 2)).
-4
What is 8 - (4 + 1 - 0)?
3
What is (11 - 16) + (4 - (-4 + 11))?
-8
Calculate -4 + 1 + -2 + 2 - -4.
1
What is the value of (-3 + 13 - 4) + -5?
1
What is the value of -9 + (1 - (-7 - (-1 + -6)))?
-8
Calculate -15 - (0 - 8) - (-7 + -6).
6
What is the value of (-6 - -12) + -9 - (-6 - -1)?
2
Evaluate 12 - (7 - (-13 + 13)).
5
Evaluate 0 + (-7 + 3 - 2) - -15.
9
What is the value of 8 + (-3 - (-1 + 8))?
-2
Evaluate (-3 - -3) + -5 + 10 - 7.
-2
What is the value of -2 + 8 - (9 + 2)?
-5
What is the value of -8 + 2 - (3 + -11)?
2
Calculate (-6 - 2) + 4 - -1.
-3
Calculate 201 - 211 - (1 - 14).
3
5 + (-5 - -1) - 2
-1
Evaluate (8 - (0 + 10)) + 8 + -1.
5
What is 56 - 54 - (7 + 0)?
-5
-3 + (-4 - (0 + -6))
-1
(-3 - (3 - 2 - 3)) + -2
-3
-1 - 2 - (16 - (-1 + 20))
0
Evaluate 5 - 2 - (-1 - -5).
-1
What is -5 - -4 - (-2 - 2 - -1)?
2
(2 - -2 - 3) + (9 - 9)
1
What is 2 + (-3 - 2) + 3?
0
3 - (3 + (17 - 8) + 0)
-9
-8 + -1 + 6 + -9 + 5
-7
Evaluate -6 + 8 + -1 + -14 - -5.
-8
Calculate (13 - (-1 - -3)) + -1.
10
Evaluate (-3 + (7 - 3) - -2) + -3.
0
Evaluate 4 - (2 + 0 + 2 + -3).
3
Evaluate (-5 - (4 - 4)) + 1.
-4
Evaluate -6 + -6 + (2 - (0 + -5)).
-5
Evaluate 1 - ((4 - 2) + -39 + 27).
11
Calculate -5 + 4 + -2 + 5.
2
Calculate -1 - 3 - (4 - (-7 - -11)).
-4
5 + 8 + (-14 - -4)
3
What is the value of 2 + -9 - (25 - 24)?
-8
Evaluate (14 - (4 - -3)) + -6.
1
Calculate -4 + 0 + -5 + 20.
11
Evaluate (2 - (1 + 1)) + -2.
-2
Evaluate (1 - -16 - 9) + 0.
8
What is (0 - 1) + 3 + -7?
-5
What is (15 + -8 - -1) + -4?
4
What is the value of 3 + (-5 - -2) - 1?
-1
Calculate (-4 - (-6 - -5)) + -7.
-10
What is the value of (41 - 38) + 1 + -1 + -1?
2
Evaluate 0 + (3 - 2) + 7 + -3.
5
What is the value of (-77 - -64) + 1 + 9?
-3
Evaluate 6 + -4 + -5 